{"id":6670,"date":"2021-10-04T14:51:49","date_gmt":"2021-10-04T13:51:49","guid":{"rendered":"https:\/\/roche-blanche-ecole.fr\/?page_id=6670"},"modified":"2021-10-04T14:51:49","modified_gmt":"2021-10-04T13:51:49","slug":"projets-en-cle-collectivites-locales-detablissements","status":"publish","type":"page","link":"https:\/\/roche-blanche-ecole.fr\/?page_id=6670","title":{"rendered":"Projets en CL\u00c9 (Collectivit\u00e9s Locales d&rsquo;\u00c9tablissements)"},"content":{"rendered":"<p>A faire<\/p>\n","protected":false},"excerpt":{"rendered":"<p>A faire<\/p>\n","protected":false},"author":10,"featured_media":0,"parent":0,"menu_order":0,"comment_status":"closed","ping_status":"closed","template":"","meta":{"ngg_post_thumbnail":0,"jetpack_post_was_ever_published":false,"footnotes":""},"jetpack_sharing_enabled":true,"jetpack_shortlink":"https:\/\/wp.me\/P9Fz6b-1JA","_links":{"self":[{"href":"https:\/\/roche-blanche-ecole.fr\/index.php?rest_route=\/wp\/v2\/pages\/6670"}],"collection":[{"href":"https:\/\/roche-blanche-ecole.fr\/index.php?rest_route=\/wp\/v2\/pages"}],"about":[{"href":"https:\/\/roche-blanche-ecole.fr\/index.php?rest_route=\/wp\/v2\/types\/page"}],"author":[{"embeddable":true,"href":"https:\/\/roche-blanche-ecole.fr\/index.php?rest_route=\/wp\/v2\/users\/10"}],"replies":[{"embeddable":true,"href":"https:\/\/roche-blanche-ecole.fr\/index.php?rest_route=%2Fwp%2Fv2%2Fcomments&post=6670"}],"version-history":[{"count":1,"href":"https:\/\/roche-blanche-ecole.fr\/index.php?rest_route=\/wp\/v2\/pages\/6670\/revisions"}],"predecessor-version":[{"id":6673,"href":"https:\/\/roche-blanche-ecole.fr\/index.php?rest_route=\/wp\/v2\/pages\/6670\/revisions\/6673"}],"wp:attachment":[{"href":"https:\/\/roche-blanche-ecole.fr\/index.php?rest_route=%2Fwp%2Fv2%2Fmedia&parent=6670"}],"curies":[{"name":"wp","href":"https:\/\/api.w.org\/{rel}","templated":true}]}}