{"id":7971,"date":"2024-12-18T17:58:55","date_gmt":"2024-12-18T16:58:55","guid":{"rendered":"https:\/\/roche-blanche-ecole.fr\/wp-content\/uploads\/2024\/12\/Affiche-evenement-journee-portes-ouvertes-ecole-illustratif.jpg"},"modified":"2025-01-17T16:17:48","modified_gmt":"2025-01-17T15:17:48","slug":"affiche-evenement-journee-portes-ouvertes-ecole-illustratif","status":"inherit","type":"attachment","link":"https:\/\/roche-blanche-ecole.fr\/?attachment_id=7971#main","title":{"rendered":"Affiche \u00e9v\u00e9nement journ\u00e9e portes ouvertes \u00e9cole illustratif"},"author":10,"comment_status":"closed","ping_status":"closed","template":"","meta":{"ngg_post_thumbnail":0,"jetpack_post_was_ever_published":false},"jetpack_sharing_enabled":true,"jetpack_shortlink":"https:\/\/wp.me\/a9Fz6b-24z","description":{"rendered":"<p class=\"attachment\"><a href='https:\/\/roche-blanche-ecole.fr\/wp-content\/uploads\/2024\/12\/Affiche-evenement-journee-portes-ouvertes-ecole-illustratif.jpg'><img loading=\"lazy\" decoding=\"async\" width=\"212\" height=\"300\" src=\"https:\/\/roche-blanche-ecole.fr\/wp-content\/uploads\/2024\/12\/Affiche-evenement-journee-portes-ouvertes-ecole-illustratif-212x300.jpg\" class=\"attachment-medium size-medium\" alt=\"\" srcset=\"https:\/\/roche-blanche-ecole.fr\/wp-content\/uploads\/2024\/12\/Affiche-evenement-journee-portes-ouvertes-ecole-illustratif-212x300.jpg 212w, https:\/\/roche-blanche-ecole.fr\/wp-content\/uploads\/2024\/12\/Affiche-evenement-journee-portes-ouvertes-ecole-illustratif-724x1024.jpg 724w, https:\/\/roche-blanche-ecole.fr\/wp-content\/uploads\/2024\/12\/Affiche-evenement-journee-portes-ouvertes-ecole-illustratif-768x1086.jpg 768w, https:\/\/roche-blanche-ecole.fr\/wp-content\/uploads\/2024\/12\/Affiche-evenement-journee-portes-ouvertes-ecole-illustratif-1086x1536.jpg 1086w, https:\/\/roche-blanche-ecole.fr\/wp-content\/uploads\/2024\/12\/Affiche-evenement-journee-portes-ouvertes-ecole-illustratif-1448x2048.jpg 1448w, https:\/\/roche-blanche-ecole.fr\/wp-content\/uploads\/2024\/12\/Affiche-evenement-journee-portes-ouvertes-ecole-illustratif.jpg 1587w\" sizes=\"(max-width: 212px) 100vw, 212px\" \/><\/a><\/p>\n"},"caption":{"rendered":""},"alt_text":"","media_type":"image","mime_type":"image\/jpeg","media_details":{"width":1587,"height":2245,"file":"2024\/12\/Affiche-evenement-journee-portes-ouvertes-ecole-illustratif.jpg","filesize":367810,"sizes":{"medium":{"file":"Affiche-evenement-journee-portes-ouvertes-ecole-illustratif-212x300.jpg","width":212,"height":300,"filesize":23166,"mime_type":"image\/jpeg","source_url":"https:\/\/roche-blanche-ecole.fr\/wp-content\/uploads\/2024\/12\/Affiche-evenement-journee-portes-ouvertes-ecole-illustratif-212x300.jpg"},"large":{"file":"Affiche-evenement-journee-portes-ouvertes-ecole-illustratif-724x1024.jpg","width":724,"height":1024,"filesize":125894,"mime_type":"image\/jpeg","source_url":"https:\/\/roche-blanche-ecole.fr\/wp-content\/uploads\/2024\/12\/Affiche-evenement-journee-portes-ouvertes-ecole-illustratif-724x1024.jpg"},"thumbnail":{"file":"Affiche-evenement-journee-portes-ouvertes-ecole-illustratif-150x150.jpg","width":150,"height":150,"filesize":11639,"mime_type":"image\/jpeg","source_url":"https:\/\/roche-blanche-ecole.fr\/wp-content\/uploads\/2024\/12\/Affiche-evenement-journee-portes-ouvertes-ecole-illustratif-150x150.jpg"},"medium_large":{"file":"Affiche-evenement-journee-portes-ouvertes-ecole-illustratif-768x1086.jpg","width":768,"height":1086,"filesize":135268,"mime_type":"image\/jpeg","source_url":"https:\/\/roche-blanche-ecole.fr\/wp-content\/uploads\/2024\/12\/Affiche-evenement-journee-portes-ouvertes-ecole-illustratif-768x1086.jpg"},"thumblist":{"file":"Affiche-evenement-journee-portes-ouvertes-ecole-illustratif-300x300.jpg","width":300,"height":300,"filesize":27371,"mime_type":"image\/jpeg","source_url":"https:\/\/roche-blanche-ecole.fr\/wp-content\/uploads\/2024\/12\/Affiche-evenement-journee-portes-ouvertes-ecole-illustratif-300x300.jpg"},"meccarouselthumb":{"file":"Affiche-evenement-journee-portes-ouvertes-ecole-illustratif-474x324.jpg","width":474,"height":324,"filesize":34015,"mime_type":"image\/jpeg","source_url":"https:\/\/roche-blanche-ecole.fr\/wp-content\/uploads\/2024\/12\/Affiche-evenement-journee-portes-ouvertes-ecole-illustratif-474x324.jpg"},"gridsquare":{"file":"Affiche-evenement-journee-portes-ouvertes-ecole-illustratif-391x260.jpg","width":391,"height":260,"filesize":27157,"mime_type":"image\/jpeg","source_url":"https:\/\/roche-blanche-ecole.fr\/wp-content\/uploads\/2024\/12\/Affiche-evenement-journee-portes-ouvertes-ecole-illustratif-391x260.jpg"},"tileview":{"file":"Affiche-evenement-journee-portes-ouvertes-ecole-illustratif-300x400.jpg","width":300,"height":400,"filesize":35543,"mime_type":"image\/jpeg","source_url":"https:\/\/roche-blanche-ecole.fr\/wp-content\/uploads\/2024\/12\/Affiche-evenement-journee-portes-ouvertes-ecole-illustratif-300x400.jpg"},"1536x1536":{"file":"Affiche-evenement-journee-portes-ouvertes-ecole-illustratif-1086x1536.jpg","width":1086,"height":1536,"filesize":213211,"mime_type":"image\/jpeg","source_url":"https:\/\/roche-blanche-ecole.fr\/wp-content\/uploads\/2024\/12\/Affiche-evenement-journee-portes-ouvertes-ecole-illustratif-1086x1536.jpg"},"2048x2048":{"file":"Affiche-evenement-journee-portes-ouvertes-ecole-illustratif-1448x2048.jpg","width":1448,"height":2048,"filesize":313062,"mime_type":"image\/jpeg","source_url":"https:\/\/roche-blanche-ecole.fr\/wp-content\/uploads\/2024\/12\/Affiche-evenement-journee-portes-ouvertes-ecole-illustratif-1448x2048.jpg"},"column1-1\/3":{"file":"Affiche-evenement-journee-portes-ouvertes-ecole-illustratif-1140x380.jpg","width":1140,"height":380,"filesize":59212,"mime_type":"image\/jpeg","source_url":"https:\/\/roche-blanche-ecole.fr\/wp-content\/uploads\/2024\/12\/Affiche-evenement-journee-portes-ouvertes-ecole-illustratif-1140x380.jpg"},"column1-2\/3":{"file":"Affiche-evenement-journee-portes-ouvertes-ecole-illustratif-1140x760.jpg","width":1140,"height":760,"filesize":110077,"mime_type":"image\/jpeg","source_url":"https:\/\/roche-blanche-ecole.fr\/wp-content\/uploads\/2024\/12\/Affiche-evenement-journee-portes-ouvertes-ecole-illustratif-1140x760.jpg"},"column1-1\/4":{"file":"Affiche-evenement-journee-portes-ouvertes-ecole-illustratif-1140x285.jpg","width":1140,"height":285,"filesize":41791,"mime_type":"image\/jpeg","source_url":"https:\/\/roche-blanche-ecole.fr\/wp-content\/uploads\/2024\/12\/Affiche-evenement-journee-portes-ouvertes-ecole-illustratif-1140x285.jpg"},"column1-2\/5":{"file":"Affiche-evenement-journee-portes-ouvertes-ecole-illustratif-1140x456.jpg","width":1140,"height":456,"filesize":71228,"mime_type":"image\/jpeg","source_url":"https:\/\/roche-blanche-ecole.fr\/wp-content\/uploads\/2024\/12\/Affiche-evenement-journee-portes-ouvertes-ecole-illustratif-1140x456.jpg"},"column2-1\/1":{"file":"Affiche-evenement-journee-portes-ouvertes-ecole-illustratif-570x570.jpg","width":570,"height":570,"filesize":66027,"mime_type":"image\/jpeg","source_url":"https:\/\/roche-blanche-ecole.fr\/wp-content\/uploads\/2024\/12\/Affiche-evenement-journee-portes-ouvertes-ecole-illustratif-570x570.jpg"},"column2-1\/2":{"file":"Affiche-evenement-journee-portes-ouvertes-ecole-illustratif-570x285.jpg","width":570,"height":285,"filesize":34281,"mime_type":"image\/jpeg","source_url":"https:\/\/roche-blanche-ecole.fr\/wp-content\/uploads\/2024\/12\/Affiche-evenement-journee-portes-ouvertes-ecole-illustratif-570x285.jpg"},"column2-2\/3":{"file":"Affiche-evenement-journee-portes-ouvertes-ecole-illustratif-570x380.jpg","width":570,"height":380,"filesize":44033,"mime_type":"image\/jpeg","source_url":"https:\/\/roche-blanche-ecole.fr\/wp-content\/uploads\/2024\/12\/Affiche-evenement-journee-portes-ouvertes-ecole-illustratif-570x380.jpg"},"column2-3\/5":{"file":"Affiche-evenement-journee-portes-ouvertes-ecole-illustratif-570x342.jpg","width":570,"height":342,"filesize":39180,"mime_type":"image\/jpeg","source_url":"https:\/\/roche-blanche-ecole.fr\/wp-content\/uploads\/2024\/12\/Affiche-evenement-journee-portes-ouvertes-ecole-illustratif-570x342.jpg"},"column3-1\/1":{"file":"Affiche-evenement-journee-portes-ouvertes-ecole-illustratif-380x380.jpg","width":380,"height":380,"filesize":37573,"mime_type":"image\/jpeg","source_url":"https:\/\/roche-blanche-ecole.fr\/wp-content\/uploads\/2024\/12\/Affiche-evenement-journee-portes-ouvertes-ecole-illustratif-380x380.jpg"},"column3-1\/2":{"file":"Affiche-evenement-journee-portes-ouvertes-ecole-illustratif-380x190.jpg","width":380,"height":190,"filesize":20319,"mime_type":"image\/jpeg","source_url":"https:\/\/roche-blanche-ecole.fr\/wp-content\/uploads\/2024\/12\/Affiche-evenement-journee-portes-ouvertes-ecole-illustratif-380x190.jpg"},"column3-1\/3":{"file":"Affiche-evenement-journee-portes-ouvertes-ecole-illustratif-380x127.jpg","width":380,"height":127,"filesize":15560,"mime_type":"image\/jpeg","source_url":"https:\/\/roche-blanche-ecole.fr\/wp-content\/uploads\/2024\/12\/Affiche-evenement-journee-portes-ouvertes-ecole-illustratif-380x127.jpg"},"column3-2\/3":{"file":"Affiche-evenement-journee-portes-ouvertes-ecole-illustratif-380x254.jpg","width":380,"height":254,"filesize":25542,"mime_type":"image\/jpeg","source_url":"https:\/\/roche-blanche-ecole.fr\/wp-content\/uploads\/2024\/12\/Affiche-evenement-journee-portes-ouvertes-ecole-illustratif-380x254.jpg"},"column4-1\/1":{"file":"Affiche-evenement-journee-portes-ouvertes-ecole-illustratif-285x285.jpg","width":285,"height":285,"filesize":25818,"mime_type":"image\/jpeg","source_url":"https:\/\/roche-blanche-ecole.fr\/wp-content\/uploads\/2024\/12\/Affiche-evenement-journee-portes-ouvertes-ecole-illustratif-285x285.jpg"},"column4-1\/2":{"file":"Affiche-evenement-journee-portes-ouvertes-ecole-illustratif-285x143.jpg","width":285,"height":143,"filesize":14704,"mime_type":"image\/jpeg","source_url":"https:\/\/roche-blanche-ecole.fr\/wp-content\/uploads\/2024\/12\/Affiche-evenement-journee-portes-ouvertes-ecole-illustratif-285x143.jpg"},"column4-2\/3":{"file":"Affiche-evenement-journee-portes-ouvertes-ecole-illustratif-285x190.jpg","width":285,"height":190,"filesize":18162,"mime_type":"image\/jpeg","source_url":"https:\/\/roche-blanche-ecole.fr\/wp-content\/uploads\/2024\/12\/Affiche-evenement-journee-portes-ouvertes-ecole-illustratif-285x190.jpg"},"sow-carousel-default":{"file":"Affiche-evenement-journee-portes-ouvertes-ecole-illustratif-272x182.jpg","width":272,"height":182,"filesize":17184,"mime_type":"image\/jpeg","source_url":"https:\/\/roche-blanche-ecole.fr\/wp-content\/uploads\/2024\/12\/Affiche-evenement-journee-portes-ouvertes-ecole-illustratif-272x182.jpg"},"full":{"file":"Affiche-evenement-journee-portes-ouvertes-ecole-illustratif.jpg","width":1587,"height":2245,"mime_type":"image\/jpeg","source_url":"https:\/\/roche-blanche-ecole.fr\/wp-content\/uploads\/2024\/12\/Affiche-evenement-journee-portes-ouvertes-ecole-illustratif.jpg"}},"image_meta":{"aperture":"0","credit":"","camera":"","caption":"","created_timestamp":"0","copyright":"","focal_length":"0","iso":"0","shutter_speed":"0","title":"","orientation":"1","keywords":[]}},"post":7987,"source_url":"https:\/\/roche-blanche-ecole.fr\/wp-content\/uploads\/2024\/12\/Affiche-evenement-journee-portes-ouvertes-ecole-illustratif.jpg","_links":{"self":[{"href":"https:\/\/roche-blanche-ecole.fr\/index.php?rest_route=\/wp\/v2\/media\/7971"}],"collection":[{"href":"https:\/\/roche-blanche-ecole.fr\/index.php?rest_route=\/wp\/v2\/media"}],"about":[{"href":"https:\/\/roche-blanche-ecole.fr\/index.php?rest_route=\/wp\/v2\/types\/attachment"}],"author":[{"embeddable":true,"href":"https:\/\/roche-blanche-ecole.fr\/index.php?rest_route=\/wp\/v2\/users\/10"}],"replies":[{"embeddable":true,"href":"https:\/\/roche-blanche-ecole.fr\/index.php?rest_route=%2Fwp%2Fv2%2Fcomments&post=7971"}]}}

Affiche événement journée portes ouvertes école illustratif
